{"id":4630,"date":"2022-03-01T11:38:42","date_gmt":"2022-03-01T10:38:42","guid":{"rendered":"https:\/\/labonacarn.com\/producto\/carne-picada-de-potro-750-grs\/"},"modified":"2023-09-12T20:02:05","modified_gmt":"2023-09-12T18:02:05","slug":"carne-picada-de-potro-750-grs","status":"publish","type":"product","link":"https:\/\/labonacarn.com\/es\/producte\/carne-picada-de-potro-750-grs\/","title":{"rendered":"Carne picada de potro (500 grs)"},"content":{"rendered":"<h2>Carne picada de potro del Pirineo.<\/h2>\n<p>En el mundo de la alimentaci\u00f3n podemos encontrar diferentes carnes pero una de las mejores es la carne de potro.<\/p>\n<p>\u00bfPor qu\u00e9? Nuestra carne de potro proviene de animales que viven en plena libertad en el pirineo catal\u00e1n. Esto hace que estos animales est\u00e9n alimentados con la hierba de las monta\u00f1as y el agua de los arroyos. No han sufrido ning\u00fan tratamiento ni algo natural. El resultado de todo ello hace que nos encontremos con una carne totalmente natural, sin ning\u00fan conservante ni colorante, rica en hierro y magnesio, la m\u00e1s baja de todas en grasas, y cinco veces superior en \u00e1cidos grasos esenciales omega 3.<\/p>\n<p>Muy recomendada por los ni\u00f1os y tambi\u00e9n por la gente mayor, ya que aporta una gran cantidad de vitaminas y su riqueza en hierro ayuda a la gente mayor por la p\u00e9rdida de cal del cuerpo. La servimos envasada al vac\u00edo, con un peso aprox de 500 gramos. Precio: 18&#8217;10\u20ac\/kgr.<\/p>\n","protected":false},"excerpt":{"rendered":"<p>La mejor carne picada de potro, sin ning\u00fan contaminante, sin tendrums, totalmente natural. Ideapara cualquier persona. Rica en hierro, la m\u00e1s baja en grasas, y de alto contenido en \u00e1cidos grasos esenciales omega 3.<\/p>\n","protected":false},"featured_media":3755,"template":"","meta":{"_acf_changed":false,"_joinchat":[]},"product_brand":[],"product_cat":[96,63],"product_tag":[205],"class_list":{"0":"post-4630","1":"product","2":"type-product","3":"status-publish","4":"has-post-thumbnail","6":"product_cat-caballo-potro","7":"product_cat-carne","8":"product_tag-salud-es","10":"first","11":"instock","12":"taxable","13":"shipping-taxable","14":"purchasable","15":"product-type-simple"},"acf":[],"yoast_head":"<!-- This site is optimized with the Yoast SEO plugin v27.4 - https:\/\/yoast.com\/product\/yoast-seo-wordpress\/ -->\n<title>Carne picada de potro (500 grs) - labonacarn.com<\/title>\n<meta name=\"description\" content=\"Carne picada de potro del Pirineo, m\u00e1s concretamente de la zona de Puigcerd\u00e0. Una carne que nos aporta un poquito de esas tierras.\" \/>\n<meta name=\"robots\" content=\"index, follow, max-snippet:-1, max-image-preview:large, max-video-preview:-1\" \/>\n<link rel=\"canonical\" href=\"https:\/\/labonacarn.com\/es\/producte\/carne-picada-de-potro-750-grs\/\" \/>\n<meta property=\"og:locale\" content=\"es_ES\" \/>\n<meta property=\"og:type\" content=\"article\" \/>\n<meta property=\"og:title\" content=\"Carne picada de potro (500 grs) - labonacarn.com\" \/>\n<meta property=\"og:description\" content=\"Carne picada de potro del Pirineo, m\u00e1s concretamente de la zona de Puigcerd\u00e0. Una carne que nos aporta un poquito de esas tierras.\" \/>\n<meta property=\"og:url\" content=\"https:\/\/labonacarn.com\/es\/producte\/carne-picada-de-potro-750-grs\/\" \/>\n<meta property=\"og:site_name\" content=\"labonacarn.com\" \/>\n<meta property=\"article:modified_time\" content=\"2023-09-12T18:02:05+00:00\" \/>\n<meta property=\"og:image\" content=\"https:\/\/labonacarn.com\/wp-content\/uploads\/2022\/03\/carn-picada-poltre.jpg\" \/>\n\t<meta property=\"og:image:width\" content=\"800\" \/>\n\t<meta property=\"og:image:height\" content=\"533\" \/>\n\t<meta property=\"og:image:type\" content=\"image\/jpeg\" \/>\n<meta name=\"twitter:card\" content=\"summary_large_image\" \/>\n<meta name=\"twitter:label1\" content=\"Tiempo de lectura\" \/>\n\t<meta name=\"twitter:data1\" content=\"1 minuto\" \/>\n<script type=\"application\/ld+json\" class=\"yoast-schema-graph\">{\"@context\":\"https:\\\/\\\/schema.org\",\"@graph\":[{\"@type\":\"WebPage\",\"@id\":\"https:\\\/\\\/labonacarn.com\\\/es\\\/producte\\\/carne-picada-de-potro-750-grs\\\/\",\"url\":\"https:\\\/\\\/labonacarn.com\\\/es\\\/producte\\\/carne-picada-de-potro-750-grs\\\/\",\"name\":\"Carne picada de potro (500 grs) - labonacarn.com\",\"isPartOf\":{\"@id\":\"https:\\\/\\\/labonacarn.com\\\/es\\\/#website\"},\"primaryImageOfPage\":{\"@id\":\"https:\\\/\\\/labonacarn.com\\\/es\\\/producte\\\/carne-picada-de-potro-750-grs\\\/#primaryimage\"},\"image\":{\"@id\":\"https:\\\/\\\/labonacarn.com\\\/es\\\/producte\\\/carne-picada-de-potro-750-grs\\\/#primaryimage\"},\"thumbnailUrl\":\"https:\\\/\\\/labonacarn.com\\\/wp-content\\\/uploads\\\/2022\\\/03\\\/carn-picada-poltre.jpg\",\"datePublished\":\"2022-03-01T10:38:42+00:00\",\"dateModified\":\"2023-09-12T18:02:05+00:00\",\"description\":\"Carne picada de potro del Pirineo, m\u00e1s concretamente de la zona de Puigcerd\u00e0. Una carne que nos aporta un poquito de esas tierras.\",\"breadcrumb\":{\"@id\":\"https:\\\/\\\/labonacarn.com\\\/es\\\/producte\\\/carne-picada-de-potro-750-grs\\\/#breadcrumb\"},\"inLanguage\":\"es\",\"potentialAction\":[{\"@type\":\"ReadAction\",\"target\":[\"https:\\\/\\\/labonacarn.com\\\/es\\\/producte\\\/carne-picada-de-potro-750-grs\\\/\"]}]},{\"@type\":\"ImageObject\",\"inLanguage\":\"es\",\"@id\":\"https:\\\/\\\/labonacarn.com\\\/es\\\/producte\\\/carne-picada-de-potro-750-grs\\\/#primaryimage\",\"url\":\"https:\\\/\\\/labonacarn.com\\\/wp-content\\\/uploads\\\/2022\\\/03\\\/carn-picada-poltre.jpg\",\"contentUrl\":\"https:\\\/\\\/labonacarn.com\\\/wp-content\\\/uploads\\\/2022\\\/03\\\/carn-picada-poltre.jpg\",\"width\":800,\"height\":533},{\"@type\":\"BreadcrumbList\",\"@id\":\"https:\\\/\\\/labonacarn.com\\\/es\\\/producte\\\/carne-picada-de-potro-750-grs\\\/#breadcrumb\",\"itemListElement\":[{\"@type\":\"ListItem\",\"position\":1,\"name\":\"Portada\",\"item\":\"https:\\\/\\\/labonacarn.com\\\/es\\\/\"},{\"@type\":\"ListItem\",\"position\":2,\"name\":\"Tienda\",\"item\":\"https:\\\/\\\/labonacarn.com\\\/es\\\/tienda\\\/\"},{\"@type\":\"ListItem\",\"position\":3,\"name\":\"Carne picada de potro (500 grs)\"}]},{\"@type\":\"WebSite\",\"@id\":\"https:\\\/\\\/labonacarn.com\\\/es\\\/#website\",\"url\":\"https:\\\/\\\/labonacarn.com\\\/es\\\/\",\"name\":\"labonacarn.com\",\"description\":\"Venem carn de vedella, porc, pollastre, xai, poltre, gall dindi i embotits de primera qualitat i fets per nosaltres.\",\"potentialAction\":[{\"@type\":\"SearchAction\",\"target\":{\"@type\":\"EntryPoint\",\"urlTemplate\":\"https:\\\/\\\/labonacarn.com\\\/es\\\/?s={search_term_string}\"},\"query-input\":{\"@type\":\"PropertyValueSpecification\",\"valueRequired\":true,\"valueName\":\"search_term_string\"}}],\"inLanguage\":\"es\"}]}<\/script>\n<!-- \/ Yoast SEO plugin. -->","yoast_head_json":{"title":"Carne picada de potro (500 grs) - labonacarn.com","description":"Carne picada de potro del Pirineo, m\u00e1s concretamente de la zona de Puigcerd\u00e0. Una carne que nos aporta un poquito de esas tierras.","robots":{"index":"index","follow":"follow","max-snippet":"max-snippet:-1","max-image-preview":"max-image-preview:large","max-video-preview":"max-video-preview:-1"},"canonical":"https:\/\/labonacarn.com\/es\/producte\/carne-picada-de-potro-750-grs\/","og_locale":"es_ES","og_type":"article","og_title":"Carne picada de potro (500 grs) - labonacarn.com","og_description":"Carne picada de potro del Pirineo, m\u00e1s concretamente de la zona de Puigcerd\u00e0. Una carne que nos aporta un poquito de esas tierras.","og_url":"https:\/\/labonacarn.com\/es\/producte\/carne-picada-de-potro-750-grs\/","og_site_name":"labonacarn.com","article_modified_time":"2023-09-12T18:02:05+00:00","og_image":[{"width":800,"height":533,"url":"https:\/\/labonacarn.com\/wp-content\/uploads\/2022\/03\/carn-picada-poltre.jpg","type":"image\/jpeg"}],"twitter_card":"summary_large_image","twitter_misc":{"Tiempo de lectura":"1 minuto"},"schema":{"@context":"https:\/\/schema.org","@graph":[{"@type":"WebPage","@id":"https:\/\/labonacarn.com\/es\/producte\/carne-picada-de-potro-750-grs\/","url":"https:\/\/labonacarn.com\/es\/producte\/carne-picada-de-potro-750-grs\/","name":"Carne picada de potro (500 grs) - labonacarn.com","isPartOf":{"@id":"https:\/\/labonacarn.com\/es\/#website"},"primaryImageOfPage":{"@id":"https:\/\/labonacarn.com\/es\/producte\/carne-picada-de-potro-750-grs\/#primaryimage"},"image":{"@id":"https:\/\/labonacarn.com\/es\/producte\/carne-picada-de-potro-750-grs\/#primaryimage"},"thumbnailUrl":"https:\/\/labonacarn.com\/wp-content\/uploads\/2022\/03\/carn-picada-poltre.jpg","datePublished":"2022-03-01T10:38:42+00:00","dateModified":"2023-09-12T18:02:05+00:00","description":"Carne picada de potro del Pirineo, m\u00e1s concretamente de la zona de Puigcerd\u00e0. Una carne que nos aporta un poquito de esas tierras.","breadcrumb":{"@id":"https:\/\/labonacarn.com\/es\/producte\/carne-picada-de-potro-750-grs\/#breadcrumb"},"inLanguage":"es","potentialAction":[{"@type":"ReadAction","target":["https:\/\/labonacarn.com\/es\/producte\/carne-picada-de-potro-750-grs\/"]}]},{"@type":"ImageObject","inLanguage":"es","@id":"https:\/\/labonacarn.com\/es\/producte\/carne-picada-de-potro-750-grs\/#primaryimage","url":"https:\/\/labonacarn.com\/wp-content\/uploads\/2022\/03\/carn-picada-poltre.jpg","contentUrl":"https:\/\/labonacarn.com\/wp-content\/uploads\/2022\/03\/carn-picada-poltre.jpg","width":800,"height":533},{"@type":"BreadcrumbList","@id":"https:\/\/labonacarn.com\/es\/producte\/carne-picada-de-potro-750-grs\/#breadcrumb","itemListElement":[{"@type":"ListItem","position":1,"name":"Portada","item":"https:\/\/labonacarn.com\/es\/"},{"@type":"ListItem","position":2,"name":"Tienda","item":"https:\/\/labonacarn.com\/es\/tienda\/"},{"@type":"ListItem","position":3,"name":"Carne picada de potro (500 grs)"}]},{"@type":"WebSite","@id":"https:\/\/labonacarn.com\/es\/#website","url":"https:\/\/labonacarn.com\/es\/","name":"labonacarn.com","description":"Venem carn de vedella, porc, pollastre, xai, poltre, gall dindi i embotits de primera qualitat i fets per nosaltres.","potentialAction":[{"@type":"SearchAction","target":{"@type":"EntryPoint","urlTemplate":"https:\/\/labonacarn.com\/es\/?s={search_term_string}"},"query-input":{"@type":"PropertyValueSpecification","valueRequired":true,"valueName":"search_term_string"}}],"inLanguage":"es"}]}},"_links":{"self":[{"href":"https:\/\/labonacarn.com\/es\/wp-json\/wp\/v2\/product\/4630","targetHints":{"allow":["GET"]}}],"collection":[{"href":"https:\/\/labonacarn.com\/es\/wp-json\/wp\/v2\/product"}],"about":[{"href":"https:\/\/labonacarn.com\/es\/wp-json\/wp\/v2\/types\/product"}],"wp:featuredmedia":[{"embeddable":true,"href":"https:\/\/labonacarn.com\/es\/wp-json\/wp\/v2\/media\/3755"}],"wp:attachment":[{"href":"https:\/\/labonacarn.com\/es\/wp-json\/wp\/v2\/media?parent=4630"}],"wp:term":[{"taxonomy":"product_brand","embeddable":true,"href":"https:\/\/labonacarn.com\/es\/wp-json\/wp\/v2\/product_brand?post=4630"},{"taxonomy":"product_cat","embeddable":true,"href":"https:\/\/labonacarn.com\/es\/wp-json\/wp\/v2\/product_cat?post=4630"},{"taxonomy":"product_tag","embeddable":true,"href":"https:\/\/labonacarn.com\/es\/wp-json\/wp\/v2\/product_tag?post=4630"}],"curies":[{"name":"wp","href":"https:\/\/api.w.org\/{rel}","templated":true}]}}

<h2>Carne picada de potro del Pirineo.</h2>
<p>En el mundo de la alimentación podemos encontrar diferentes carnes pero una de las mejores es la carne de potro.</p>
<p>¿Por qué? Nuestra carne de potro proviene de animales que viven en plena libertad en el pirineo catalán. Esto hace que estos animales estén alimentados con la hierba de las montañas y el agua de los arroyos. No han sufrido ningún tratamiento ni algo natural. El resultado de todo ello hace que nos encontremos con una carne totalmente natural, sin ningún conservante ni colorante, rica en hierro y magnesio, la más baja de todas en grasas, y cinco veces superior en ácidos grasos esenciales omega 3.</p>
<p>Muy recomendada por los niños y también por la gente mayor, ya que aporta una gran cantidad de vitaminas y su riqueza en hierro ayuda a la gente mayor por la pérdida de cal del cuerpo. La servimos envasada al vacío, con un peso aprox de 500 gramos. Precio: 18&#8217;10€/kgr.</p>

<p>La mejor carne picada de potro, sin ningún contaminante, sin tendrums, totalmente natural. Ideapara cualquier persona. Rica en hierro, la más baja en grasas, y de alto contenido en ácidos grasos esenciales omega 3.</p>

<!-- This site is optimized with the Yoast SEO plugin v27.4 - https://yoast.com/product/yoast-seo-wordpress/ -->
<title>Carne picada de potro (500 grs) - labonacarn.com</title>
<meta name="description" content="Carne picada de potro del Pirineo, más concretamente de la zona de Puigcerdà. Una carne que nos aporta un poquito de esas tierras." />
<meta name="robots" content="index, follow, max-snippet:-1, max-image-preview:large, max-video-preview:-1" />
<link rel="canonical" href="https://labonacarn.com/es/producte/carne-picada-de-potro-750-grs/" />
<meta property="og:locale" content="es_ES" />
<meta property="og:type" content="article" />
<meta property="og:title" content="Carne picada de potro (500 grs) - labonacarn.com" />
<meta property="og:description" content="Carne picada de potro del Pirineo, más concretamente de la zona de Puigcerdà. Una carne que nos aporta un poquito de esas tierras." />
<meta property="og:url" content="https://labonacarn.com/es/producte/carne-picada-de-potro-750-grs/" />
<meta property="og:site_name" content="labonacarn.com" />
<meta property="article:modified_time" content="2023-09-12T18:02:05+00:00" />
<meta property="og:image" content="https://labonacarn.com/wp-content/uploads/2022/03/carn-picada-poltre.jpg" />
	<meta property="og:image:width" content="800" />
	<meta property="og:image:height" content="533" />
	<meta property="og:image:type" content="image/jpeg" />
<meta name="twitter:card" content="summary_large_image" />
<meta name="twitter:label1" content="Tiempo de lectura" />
	<meta name="twitter:data1" content="1 minuto" />
<script type="application/ld+json" class="yoast-schema-graph">{"@context":"https:\/\/schema.org","@graph":[{"@type":"WebPage","@id":"https:\/\/labonacarn.com\/es\/producte\/carne-picada-de-potro-750-grs\/","url":"https:\/\/labonacarn.com\/es\/producte\/carne-picada-de-potro-750-grs\/","name":"Carne picada de potro (500 grs) - labonacarn.com","isPartOf":{"@id":"https:\/\/labonacarn.com\/es\/#website"},"primaryImageOfPage":{"@id":"https:\/\/labonacarn.com\/es\/producte\/carne-picada-de-potro-750-grs\/#primaryimage"},"image":{"@id":"https:\/\/labonacarn.com\/es\/producte\/carne-picada-de-potro-750-grs\/#primaryimage"},"thumbnailUrl":"https:\/\/labonacarn.com\/wp-content\/uploads\/2022\/03\/carn-picada-poltre.jpg","datePublished":"2022-03-01T10:38:42+00:00","dateModified":"2023-09-12T18:02:05+00:00","description":"Carne picada de potro del Pirineo, más concretamente de la zona de Puigcerdà. Una carne que nos aporta un poquito de esas tierras.","breadcrumb":{"@id":"https:\/\/labonacarn.com\/es\/producte\/carne-picada-de-potro-750-grs\/#breadcrumb"},"inLanguage":"es","potentialAction":[{"@type":"ReadAction","target":["https:\/\/labonacarn.com\/es\/producte\/carne-picada-de-potro-750-grs\/"]}]},{"@type":"ImageObject","inLanguage":"es","@id":"https:\/\/labonacarn.com\/es\/producte\/carne-picada-de-potro-750-grs\/#primaryimage","url":"https:\/\/labonacarn.com\/wp-content\/uploads\/2022\/03\/carn-picada-poltre.jpg","contentUrl":"https:\/\/labonacarn.com\/wp-content\/uploads\/2022\/03\/carn-picada-poltre.jpg","width":800,"height":533},{"@type":"BreadcrumbList","@id":"https:\/\/labonacarn.com\/es\/producte\/carne-picada-de-potro-750-grs\/#breadcrumb","itemListElement":[{"@type":"ListItem","position":1,"name":"Portada","item":"https:\/\/labonacarn.com\/es\/"},{"@type":"ListItem","position":2,"name":"Tienda","item":"https:\/\/labonacarn.com\/es\/tienda\/"},{"@type":"ListItem","position":3,"name":"Carne picada de potro (500 grs)"}]},{"@type":"WebSite","@id":"https:\/\/labonacarn.com\/es\/#website","url":"https:\/\/labonacarn.com\/es\/","name":"labonacarn.com","description":"Venem carn de vedella, porc, pollastre, xai, poltre, gall dindi i embotits de primera qualitat i fets per nosaltres.","potentialAction":[{"@type":"SearchAction","target":{"@type":"EntryPoint","urlTemplate":"https:\/\/labonacarn.com\/es\/?s={search_term_string}"},"query-input":{"@type":"PropertyValueSpecification","valueRequired":true,"valueName":"search_term_string"}}],"inLanguage":"es"}]}</script>
<!-- / Yoast SEO plugin. -->

Carne picada de potro del Pirineo, más concretamente de la zona de Puigcerdà. Una carne que nos aporta un poquito de esas tierras.
